rs of 208081004?
2, 61, 499, 1709
List the prime factors of 113424052.
2, 7, 4050859
What are the prime factors of 167057192?
2, 79, 264331
List the prime factors of 5607312784.
2, 23, 15237263
List the prime factors of 1138374269.
1138374269
What are the prime factors of 582027118?
2, 291013559
What are the prime factors of 7877973818?
2, 11, 13, 27545363
List the prime factors of 1276320903.
3, 11, 13, 1663, 1789
List the prime factors of 25693915.
5, 13, 2339
List the prime factors of 815821432.
2, 17, 5998687
What are the prime factors of 34011180?
2, 3, 5, 7, 26993
What are the prime factors of 2154135363?
3, 718045121
List the prime factors of 8155586859.
3, 7, 23, 67, 151, 1669
List the prime factors of 8620244106.
2, 3, 23, 79, 790703
What are the prime factors of 46959517?
11, 4269047
List the prime factors of 4303821390.
2, 3, 5, 11, 13041883
What are the prime factors of 942340206?
2, 3, 157056701
What are the prime factors of 131170850?
2, 5, 199, 13183
What are the prime factors of 1959558110?
2, 5, 37, 71, 97, 769
List the prime factors of 298757486.
2, 149378743
What are the prime factors of 1152476986?
2, 576238493
What are the prime factors of 370464617?
167, 2218351
What are the prime factors of 18604172?
2, 4651043
What are the prime factors of 3122455795?
5, 463, 1348793
What are the prime factors of 1902552211?
7, 349, 778777
List the prime factors of 3763271397.
3, 1861, 674059
What are the prime factors of 4325284319?
727, 1721, 3457
List the prime factors of 105586350.
2, 3, 5, 181, 3889
What are the prime factors of 8518986329?
7, 263, 311, 14879
What are the prime factors of 196994976?
2, 3, 233, 8807
What are the prime factors of 164123397?
3, 137, 133109
List the prime factors of 169461636.
2, 3, 79, 178757
List the prime factors of 136531426.
2, 271, 251903
List the prime factors of 358043623.
7, 51149089
What are the prime factors of 107665450?
2, 5, 433, 4973
What are the prime factors of 309985?
5, 13, 19, 251
What are the prime factors of 8745779?
7, 1249397
List the prime factors of 5121847770.
2, 3, 5, 13, 127, 103409
List the prime factors of 1114419119.
11, 8017, 12637
What are the prime factors of 231552890?
2, 5, 23155289
List the prime factors of 26964434.
2, 7, 1926031
What are the prime factors of 145249908?
2, 3, 19, 179, 3559
List the prime factors of 1554353401.
17, 1009, 90617
What are the prime factors of 2609136585?
3, 5, 11, 37, 43, 3313
What are the prime factors of 205615923?
3, 601, 114041
What are the prime factors of 189277906?
2, 71, 379, 3517
List the prime factors of 19763221.
107, 184703
What are the prime factors of 839446603?
113, 7428731
What are the prime factors of 976798127?
31, 31509617
What are the prime factors of 861290507?
7, 11, 199, 56209
What are the prime factors of 89432095?
5, 89, 200971
What are the prime factors of 2991321743?
83, 36040021
List the prime factors of 637567001.
29, 21985069
List the prime factors of 143913750.
2, 3, 5, 38377
List the prime factors of 1466598344.
2, 31, 79, 74857
List the prime factors of 29508080.
2, 5, 7, 23, 29, 79
What are the prime factors of 242475075?
3, 5, 139, 7753
List the prime factors of 1188275778.
2, 3, 22005107
What are the prime factors of 44028626?
2, 1217, 18089
What are the prime factors of 639005134?
2, 61, 5237747
What are the prime factors of 56311789?
179, 314591
What are the prime factors of 20784651?
3, 19, 364643
List the prime factors of 183860938.
2, 31, 2965499
List the prime factors of 16619331.
3, 577, 9601
What are the prime factors of 484025684?
2, 19, 6368759
What are the prime factors of 18632739?
3, 73, 85081
List the prime factors of 334486858.
2, 167243429
List the prime factors of 3548675889.
3, 11, 859, 41729
What are the prime factors of 4463483748?
2, 3, 227, 919, 1783
What are the prime factors of 503184060?
2, 3, 5, 2795467
What are the prime factors of 770790920?
2, 5, 2659, 7247
What are the prime factors of 694235436?
2, 3, 57852953
List the prime factors of 430949647.
41, 10510967
List the prime factors of 20647141.
20647141
What are the prime factors of 3804861566?
2, 11, 172948253
List the prime factors of 36148376.
2, 11, 67, 6131
What are the prime factors of 5835219323?
2017, 2893019
List the prime factors of 120115951.
1847, 65033
List the prime factors of 279760397.
7, 2549, 15679
List the prime factors of 1138718601.
3, 42174763
List the prime factors of 30291361.
30291361
What are the prime factors of 41269101?
3, 1399, 9833
List the prime factors of 1035681992.
2, 129460249
What are the prime factors of 2713259690?
2, 5, 10837, 25037
What are the prime factors of 313482407?
7, 181, 247421
What are the prime factors of 485557099?
485557099
List the prime factors of 165239068.
2, 2719, 15193
What are the prime factors of 84179280?
2, 3, 5, 350747
What are the prime factors of 107833876?
2, 26958469
What are the prime factors of 2129349313?
7, 13, 83, 281921
List the prime factors of 39194316.
2, 3, 7, 17, 1307
What are the prime factors of 1113782020?
2, 5, 13, 4283777
List the prime factors of 312491080.
2, 5, 11, 710207
What are the prime factors of 89329606?
2, 44664803
List the prime factors of 161168496.
2, 3, 3357677
What are the prime factors of 72946798?
2, 36473399
What are the prime factors of 2192386?
2, 7, 149, 1051
List the prime factors of 3826008011.
7, 546572573
What are the prime factors of 66215929?
13, 487, 10459
List the prime factors of 41360368.
2, 7, 131, 2819
List the prime factors of 4366514712.
2, 3, 7, 109, 238451
What are the prime factors of 105746350?
2, 5, 109, 19403
What are the prime factors of 43626778?
2, 13, 257, 6529
What are the prime factors of 1837883781?
3, 204209309
List the prime factors of 539663931.
3, 79, 113, 2239
What are the prime factors of 308343528?
2, 3, 4282549
What are the prime factors of 2299590125?
5, 7, 2628103
What are the prime factors of 17949297?
3, 17, 71, 4957
What are the prime factors of 901218014?
2, 450609007
What are the prime factors of 9907403?
11, 900673
List the prime factors of 963106265.
5, 11, 59, 296797
What are the prime factors of 47338046?
2, 7, 67, 109, 463
List the prime factors of 1848958111.
7, 11, 13, 367, 719
List the prime factors of 56302679.
56302679
What are the prime factors of 29946584?
2, 19, 271, 727
List the prime factors of 36142139.
11, 107, 30707
What are the prime factors of 50809371?
3, 16936457
List the prime factors of 22872874.
2, 727, 15731
List the prime factors of 193199159.
8807, 21937
What are the prime factors of 1652363721?
3, 241, 761809
List the prime factors of 376843541.
376843541
List the prime factors of 140230215.
3, 5, 3116227
What are the prime factors of 151078909?
43, 3513463
What are the prime factors of 7583229120?
2, 3, 5, 7899197
List the prime factors of 415402814.
2, 19, 67, 167, 977
What are the prime factors of 249297172?
2, 1583, 39371
List the prime factors of 40422366.
2, 3, 2245687
List the prime factors of 375092474.
2, 79, 1327, 1789
What are the prime factors of 1355650119?
3, 31, 4858961
List the prime factors of 92633893.
11, 83, 241, 421
List the prime factors of 3315948901.
3315948901
What are the prime factors of 673915637?
1973, 341569
List the prime factors of 166471593.
3, 55490531
What are the prime factors of 208808401?
359, 581639
List the prime factors of 236197164.
2, 3, 7, 2811871
What are the prime factors of 358670283?
3, 1913, 62497
List the prime factors of 1663861608.
2, 3, 43, 359, 499
List the prime factors of 121170833.
7, 17310119
What are the prime factors of 164838747?
3, 83, 662003
What are the prime factors of 216123824?
2, 7, 23, 53, 1583
List the prime factors of 2255518729.
59, 38229131
What are the prime factors of 517863079?
12967, 39937
What are the prime factors of 571352078?
2, 11, 19, 313, 397
What are the prime factors of 70652606?
2, 35326303
What are the prime factors of 1478751213?
3, 23, 37, 389, 1489
What are the prime factors of 102045209?
7, 14577887
List the prime factors of 80499554.
2, 40249777
List the prime factors of 588693093.
3, 19, 10327949
What are the prime factors of 57799096?
2, 47, 347, 443
What are the prime factors of 56009888?
2, 11, 159119
List the prime factors of 1616642377.
7, 23